2) - 3
-41
What is -136 + (113 - (-89 + -44))?
110
Evaluate 100 - (-201 + 270) - (82 - -1).
-52
What is the value of (-169 - -204 - (9 + 1)) + -8 + 43?
60
Calculate 32 + 3 + -11 - ((32 - 28) + (-2 - 1)).
23
0 + 14 + -79 + 6 + 49
-10
What is -30 - ((32 - -8) + -31 + 2 + -1)?
-40
Calculate -89 - (31 - (22 + 0)) - 19.
-117
What is the value of -60 + 1 + -4 + 107?
44
Calculate -70 + -141 + 73 + 155.
17
What is the value of -2 + -73 + (-28 + -1 - -53)?
-51
What is the value of (-15 + -2 - -14) + -1 + -2 + 27 + -26?
-5
Calculate 59 - 4 - (-10 + -6 + 3 - -21).
47
What is 60 + (24 - 88) + (33 - -1)?
30
Evaluate 2 + -2 + (-2 - (5 - (17 - 11))) + 4.
3
Calculate 17702 - 17671 - (71 + 2 - 2).
-40
What is 42 - (58 - (17 + -12 - 46))?
-57
Calculate 29 + (-150 - -68) + 23.
-30
What is ((9 - 14) + 3 - 60 - 6) + -2 + 13?
-57
What is the value of -25 + 73 - 46 - (1 - (-1 - 53) - -3)?
-56
What is the value of -1 + 12 + -107 - (5 - (14 - -5))?
-82
-1008 + 950 + 121 + 2
65
-40 + 92 - (-29 - 1)
82
What is (-45 - (-115 + 137)) + 105?
38
Calculate 13 + -14 - 8 - (-37 - (0 + -7)).
21
Calculate 41 + (-1 - 0) - (-112 + 108 + 1 + -9).
52
Evaluate -3 + 13 + -2 + (-13 - -17) + 0 - 30.
-18
Calculate 41 + (-4 + -11 + 7 - 1 - -11).
43
Evaluate (18 - 1) + (3 + 13 - 89).
-56
Evaluate 52 - (7 + 5 + -3 + -3 - -1).
45
Calculate 464 + -380 - (51 + -1).
34
What is the value of 21825 - 21839 - (1 - -30 - 1)?
-44
Calculate -1639 + 1630 - (-9 - 0).
0
Evaluate -20 - -17 - (-1 + 1 - (16 - 9)).
4
What is 1 + -1 + (-130 - -123 - (0 - 8) - -1)?
2
What is 1 + 28 + -34 - 31?
-36
What is the value of (20 - (3 - -8)) + -13 - (2 + 24)?
-30
What is the value of (11494 - 11493) + (-2 - (-44 + -1 + 0 + -2))?
46
Evaluate 0 + -139 + 22 + (-24 - 0) + 33 + -25.
-133
What is the value of (19 - (3 - (-2 + 8 + -19))) + 3 + -118?
-112
Evaluate -1 - (-5 - 5) - (5 + (-3 - -52 - 7)).
-38
What is 1 + (-26 - (130 - 223)) + 0 + -1 + -5?
62
Evaluate 11 + -2 + (32 + -8 - 21) - (-85 + 10).
87
What is the value of (6 - 1) + 7 + -8 - (30 - (49 + -29))?
-6
Evaluate -6 + (32 - 31 - -15) - 104.
-94
Calculate 48 + 48 + -111 - (19 + -1).
-33
-1 + 1 + -4 + -27 + 182 + -81 + 0
70
Calculate 20 - -60 - 88 - (4 - (0 - 11)).
-23
52 + (-30 + 32 - 23) - 30
1
What is the value of (-148 - -53) + -22 + 7?
-110
43 + -46 - (-5 + 5 + -7 + 4) - 28
-28
What is 18 - (114 - 76) - -46?
26
Calculate (-53 - (-24 - 51)) + 31.
53
211 - 151 - (0 + -8)
68
(-11 - -51) + ((37 - 86) + 42 - (0 + 3))
30
Evaluate (-28 - -61) + -6 + (-7 - -20).
40
-4 + (10 + 17 - (38 - 57))
42
What is the value of -30 - (-4 + -89 + 73)?
-10
(-44 + 34 - (-1 + (-43 - -2))) + 19
51
What is the value of 19 + -5 + 1 + -23 + 49?
41
What is the value of (19 + -31 + 7 - -2) + -38?
-41
(-36 - -1) + 108 + -24 + -92
-43
Calculate 0 + 70 + -135 + 34.
-31
What is 2 + 9 + -19 + 77 + -38 + 76?
107
What is 17 - (54 + -14 + -11)?
-12
Evaluate -2 + 50 - (729 - 683).
2
What is 385 + -678 + 319 + -11 + -1 + (2 - 4)?
12
Evaluate -5 - -9 - -1 - (-7 - -14 - 5 - 36).
39
What is -23 + 3 - (22 + 5 + 1)?
-48
Calculate (-4 - -15) + (25 - 0) + (-18 - -2).
20
(-8 - 26) + 1007 + -931
42
Evaluate -11 - (57 - (-46 + 98)) - (-1 + 6).
-21
What is 92 - 33 - (-22 - -89)?
-8
Evaluate -30 + -57 + 58 - -134.
105
What is the value of 33 + 5 + -22 + -18 + -10 + 1?
-11
-9 + -10 - -26 - -149 - (-3 + 0) - 15
144
What is the value of (-7 + 30 + -5 - (-12 + 12)) + -107?
-89
Calculate (7 - (-1 - 1)) + (19 - (-1 - (13 - 1))).
41
What is the value of 1091 - 1085 - ((2 - 5) + (-1 - -61))?
-51
Evaluate (-291 - -273) + (70 - 11).
41
What is -15 + (-102 - -72 - (28 + 2))?
-75
(14 + -19 + -25 - -34) + (30 - (0 - -1))
33
7 - ((67 + -77 - (-46 - -1)) + 1 + 9)
-38
What is the value of 767 + -606 - ((-9 - -49) + 7)?
114
What is -4 - -1 - (66 + -68) - -1 - -2?
2
Evaluate (27 - -6) + (-11 + -2 - -11) + -8 - -9.
32
Evaluate 11 + (-58 - -23 - (0 + 13)) + 3.
-34
Calculate -29 + -6 + 33 + -20 + 14.
-8
What is (26 - 8 - (228 + -200)) + 18?
8
Evaluate 34 - (87 + 26 + -98).
19
Evaluate -191 - (-110 - (-22 - -1)).
-102
What is (56 - 70 - (4 + -17)) + 61 + -5?
55
(5 - (57 + -51)) + (1 - 11) + -50 - -4
-57
Calculate 1 + 2 + 2 - (-1070 - -1087).
-12
59 - ((7 - -37) + -43 + 2 + 2)
54
(-18 - 0) + 30 + 40
52
What is 21 + (27 - 5 - (22 - 18))?
39
Calculate (-2 - -90) + -74 + 5.
19
What is 265 - (44 - -253) - (-1 + -11)?
-20
Calculate -2 - -12 - (47 + -64) - -24.
51
-22 + -3 - (-27 + 43 + 6)
-47
What is -14 - (-54 - -5 - -24)?
11
What is -26 - 12 - (-6 - -2 - (-2 - (-3 - 3)))?
-30
What is the value of (-1 - 133) + -63 + 52 + (55 - 35)?
-125
What is 5 + (21 - 8 - 2) + 77 + -99?
-6
What is the value of -20 - (152 + -150 - (9 - (-1 - -3)))?
-15
Evaluate 33 + -21 - -17 - (-1 + (-4 - 5) + 6).
33
What is -103 + (-23 - (38 - 108))?
-56
-1 - ((-13 - -36) + -22 - 4)
2
Evaluate -8 - (-3 - (2 - 1) - (-22 - (-52 + 34))).
-8
Calculate -5 - ((-64 + 53 - (1 + -3)) + -2).
6
Calculate -38 - (-23 + (56 - 69)).
-2
Calculate (359 + -95 - 181) + -1 + 1.
83
What is -15 + (-4 - 6 - 9 - 10)?
-44
Calculate 14 + 34 + (-12 - -25) + (-7 - -5).
59
6 - -47 - (11 - -23) - -21
40
Evaluate (2 - (-3 - 2)) + 10 - (19 + 19).
-21
What is (-96 + 42 - -103) + -55?
-6
160 + -185 - (-10 - (-12 + 5 - -2))
-20
What is -30 + (17 + -10 - -41 - 34)?
-16
What is the value of -7 - -17 - (-24 + (5 - 7 - (16 - 23)))?
29
Calculate -15 - ((11 + 0 - 31) + 19).
-14
Evaluate 13 + -36 + (17 - 5) + (-65 - 1).
-77
What is (-30 - -39) + 41 + -23?
27
Evaluate (79 - 0 - 83) + 3 + -1 + 2 + -41.
-41
What is the value of (-4 - 0 - ((14 - 14) + -17)) + -5 + 2?
10
Evaluate (5 - (-14 - (9 + -25 - -11))) + -15.
-1
What is -665 - -625 - (-68 - -5)?
23
Calculate -9 + -2 - ((37 - 3) + 33 + (-6 - -1)).
-73
What is (-29 - 73) + 71 - 14?
-45
18 - (15 - (-22 + -3))
-22
What is -11 + (89 - (9 + 1)) - (1 - -5)?
62
-8 + (-25 - 22 - 37 - (0 + -7)) + -5
-90
34 - (-9 + (49 - 7)) - (-2 - (2 + -85))
-80
(0 - 32) + -510 + 520
-22
12 - (-11 - (-55 - -21))
-11
-35 - 1 - (-94 + 134 + -60)
-16
What is the value of (18 - (-1 + 18)) + (-30 - -14) + -83?
-98
(-1467 - -1481) + (2 + -1 - -1 - 71)
-55
Evaluate -5 - (-3 - ((10 - 33) + 93 - (2 - 3))).
69
Calculate -105 - -14 - -36 - -73.
18
Evaluate (64 - 41 - 5) + 24 + 1 + 0.
43
Calculate (11 + -33 - -34) + -1.
11
-40 - (101 + -146 - 73)
78
Evaluate 19 - (-7 + 121 + -55).
-40
What is the value of 44 - 37 - 4 - (64 + 4)?
-65
What is ((9 - 7) + 3 - (-10 + 15)) + -1?
-1
Evaluate 13 - (-6 + -3 + -9 + 29).
2
What is -17 + 102 + (-27 - 26)?
32
Calculate -54 + (4 - (0 + -19 + (-237 - -250))).
-44
Calculate (-36 - -44) + (-5 - (8 + -22)).
17
What is -39 + (-5 - -25 - (-39 - -36))?
-16
What is (50 - 3 - 20) + -7 - -12?
32
(-40 + 5 - 1) + 77
41
(17 - 11) + (30 - 56 - 14)
-34
What is the value of 89 - 31 - (152 - 60)?
-34
Evaluate 3 + (1 - (-21 + 59 - -7)).
-41
Evaluate 7 + -6 + -9 - (31 + 14 + -33).
-20
What is the value of 0 - 184 - (-11958 - -11818)?
-44
What is 140 - (167 + -39) - (53 - (0 + 0))?
-41
41 + -7 + (8 - (1 - -11) - (-15 + 2))
43
Evaluate -31 + 75 + -30 - (-1 - 20).
35
What is 1 + 10 + -15 - (-26 - -24 - -28)?
-30
Evaluate (74 - (-23 - (13 - 20))) + -17.
73
Evaluate -2 - (-85 + 46 - (-5 - -9)).
41
What is the value of -11 - (14 - (12 - -15)) - ((7 - 5) + -25)?
25
Evaluate 53 + (19 + -30 + (1 + 5 - 1) - -1).
48
13 + 2 + -45 - -44
14
What is the value of 41 + -82 + 68 + (12 - 162)?
-123
Evaluate 0 - 2 - 8 - ((-26 - -28 - 36) + -4).
28
-8 + -14 + 16 + 17 + -14 + (-58 - -2)
-59
What is 9 + 34 + 11 + 0 + 2 + 2?
58
Calculate (7 + 4 - 0) + -17 + (0 - -37).
31
Evaluate (9 - (-6 + (1 - 5 - -6) + 3)) + 7.
17
What is the value of -6 + (-8 - 1) + 2 - -11?
-2
Evaluate 6 + (-59 - -90) + -38.
-1
What is -6 + (59 - 55) - 45?
-47
Evaluate (-7 - 2) + -1764 + 1772.
-1
Calculate -1 + 21 - (-108 - (127 - 332)).
-77
-100 + 71 + -8 + -64
-101
Evaluate (-12 - 1) + (11 - (-33 + 17)) + 19.
33
Evaluate -2 - -16 - ((-1 - -30) + -25 + 93).
-83
Calculate -115 + -26 + (90 - 31).
-82
24 - (13 + 9 + -6) - (97 + 6 + -1)
-94
What is the value of 41 - 14 - (156 - 152)?
23
What is (-9 + (-3 - 0) - (21 + -17)) + 10 + -40?
-46
(-1 - 0 - (-7 - -8)) + (2 - 46) + 3
-43
Calculate 2 + -2 + -14 - (32 + -6 + 2 + -20).
-22
What is (1 - (6 + (3 - 2) - (299 + -255))) + -1?
37
What is the value of 132 - (107 + -23) - (36 - 3)?
1